 c?
5
Let q = 13 - 11. What is the units digit of q?
2
Suppose -3*n + 8*n = 10. Suppose -5*u + 2*h + 59 = -0*h, 5*h + 11 = n*u. What is the tens digit of u?
1
Suppose -5*u - 45 = 5. Let k = u - -25. What is the units digit of k?
5
Let p(u) = 3*u + 2. What is the tens digit of p(5)?
1
Let c(j) = j**2 - j. Let p be c(0). Suppose p = -3*a + 15. Suppose a*b - 3 - 2 = 0. What is the units digit of b?
1
Let u(n) = n**3 - 5*n**2 + n - 1. Let r be -10*(-3 + (-15)/(-6)). Let w be u(r). Suppose 5*v + 45 = 5*z - 0*v, z - 18 = w*v. What is the units digit of z?
6
What is the units digit of (-3)/(-3) - -187 - (3 - 3)?
8
Suppose 5*j - 200 = -5*w, w + 8*j - 60 = 3*j. What is the tens digit of w?
3
Let a = 6 - 2. Suppose 0 = 5*l - a - 11. What is the units digit of l?
3
Let z(b) = b**2 + 5*b - 10. Let g be z(-7). Let i(s) = 2*s**2 + g*s**2 + 0*s + 1 - s + 3*s. What is the units digit of i(-1)?
5
What is the tens digit of 9/(-3) + 18 + -2?
1
What is the tens digit of (15/(-6) - -2)*-150?
7
Suppose 0 = 4*j + j + 10. What is the units digit of j/(-3) - (-32)/6?
6
What is the tens digit of (-4 - -6) + 0/2 + 12?
1
Let u = -2 - -4. Let w = 5 + -1. Let j = u + w. What is the units digit of j?
6
Let m be (-3)/9*(-1 + 1). Suppose f - 3 + m = 0. Suppose -31 = -4*v + 5*r, -f*v + 3*r = 5*r - 29. What is the units digit of v?
9
Let d = 3 + 1. Suppose d*l - 12 = -n, 24 = 4*l + l - n. What is the units digit of (-2 - -3)*(l - -1)?
5
Let g(a) = a + 2. Let z be g(-5). Let x be 0 + ((-6)/z)/2. What is the units digit of 8/8*4*x?
4
Suppose 5*z = 2*k + 323, 3*z - 106 = -3*k + 92. What is the tens digit of z?
6
What is the units digit of (20/6)/(9/216)?
0
Let s(z) = z + 1. Let h be s(-4). Let v be 3/(9/34)*h. Let i = v + 51. What is the tens digit of i?
1
Suppose -3*s + 2*s = -56. Suppose 3*f - 3*c + 24 = 0, -c - 16 + s = -5*f. What is the units digit of 2/1 - (4 + f)?
6
What is the units digit of (-81)/(-4) + 2/(-8)?
0
Let c(t) = 81*t + 129. Let b(s) = 5*s + 8. Suppose -4*x = -a - 6 - 0, -5*a + 6 = -2*x. Let o(m) = a*c(m) - 33*b(m). What is the units digit of o(-7)?
5
Suppose 5*j - 3*a - 112 = 298, 2*a = -j + 69. What is the tens digit of j?
7
Let z(r) = 2*r**2 + 11*r + 5. What is the hundreds digit of z(-12)?
1
Let f(w) = 8*w + 2. Let m(c) = -7*c - 2. Let y(x) = 3*f(x) + 2*m(x). What is the units digit of y(2)?
2
What is the units digit of 25 - (3 + (-8)/2)?
6
Let z be 3 - (-1*2)/1. Let o be 2/z - (-138)/5. Suppose -2*y - 5*i + 26 = -18, -2*i - o = -3*y. What is the units digit of y?
2
Suppose -4*t - 172 = -2*k - 0*k, -k = 5*t - 58. Suppose 0*c - 2*c = -k. What is the units digit of c?
9
Suppose -3*g + 50 = -25. Let a = 39 - g. What is the units digit of a?
4
Suppose 333 = 4*q + 3*x, -2*q + 169 = -0*x - x. What is the tens digit of q?
8
Suppose 0*p = 5*p + 640. What is the units digit of 1 + -1 - p/8?
6
Suppose -4*m - 4*p + 49 = 5, 56 = 4*m + p. What is the units digit of m?
5
Suppose -h - 4 = -13. What is the units digit of h?
9
Suppose -2*d = o - 48, 0 = d + 2*o - o - 23. Let q be (-28)/7*1*4. Let v = q + d. What is the units digit of v?
9
Let r(m) = 3*m - 1. What is the tens digit of r(5)?
1
Let i be 3 - 111/(-9)*-3. Let j = -23 - i. What is the tens digit of j?
1
Suppose 3*m - 206 = -74. What is the units digit of m?
4
Let w(j) = 3*j + 3. Let v be w(9). Suppose 3*d - 3*p + v = 0, d - 1 = 5*p + 1. Let f = d - -22. What is the units digit of f?
9
Suppose -22 = -k + 3. What is the tens digit of k?
2
Suppose z - 50 = 8. Suppose -3*n - k = -6*k - z, k = 2*n - 27. What is the units digit of n?
1
Suppose -3*r + 32 - 11 = 0. What is the units digit of r?
7
Let k = 19 - 12. What is the units digit of k?
7
What is the units digit of -4*(-2 - (2 - (0 - -2)))?
8
Let q(d) = -d**2 + d + 4. What is the units digit of q(0)?
4
What is the units digit of -3 + 1*(22 - 3)?
6
Let c(m) = m**3 - 3*m**2 + m - 4. Let z be c(4). Let s = -14 + z. What is the units digit of s?
2
Suppose 3*y - 9 = -0*y. What is the units digit of y?
3
Let b(a) = a - 7. Let r be b(10). Suppose 72 = r*s - 24. What is the tens digit of s?
3
Suppose -2*c + 95 = 3*c. What is the units digit of c?
9
Let v = -11 - -16. Suppose 20 = 2*u - 2*k, -k - 29 = -3*u + v. What is the units digit of u?
2
Let q be -9*(0 - 1/1). Let y(j) = 9*j - 11*j**2 + 10 - 13*j**2 + 23*j**2. What is the units digit of y(q)?
0
Suppose 2*j - 7*j + 215 = 0. Let p = 63 - j. What is the units digit of p?
0
Let p(z) = -z**3 + z + 16. Let v be p(0). Suppose 3*t + 4*o - v = -54, 0 = 5*o + 25. Let j = 7 + t. What is the units digit of j?
1
Let l(c) = 7*c**2 - 6*c + 3. What is the units digit of l(-6)?
1
Let n be 16/3 - (-2)/(-6). Suppose 4*h - 47 = n. What is the units digit of h?
3
Let x(i) = 19*i + 3. Let w be x(-2). Let r = -5 - w. What is the tens digit of r?
3
Let d be (-3)/(-6) + 3/2. Let q be d - (-3*1)/(-3). Suppose -q + 4 = 3*j. What is the units digit of j?
1
Let i be (-1)/(-1) - (5 - 4). What is the units digit of (-6 - -10) + i + 1?
5
Let o = -4 - -12. Let l be (-31)/o*2*-4. Suppose -2*w + 5 = -l. What is the tens digit of w?
1
Let n = 33 + -21. Suppose 25 = 5*g - 2*w, -n = g + 3*w - 0*w. Suppose 5*u = 20, -g*y + 2*y + 5*u = 7. What is the units digit of y?
3
Let b(z) = -z**2 - 7*z + 5. Let o(k) = 3*k**2 + 21*k - 16. Let v(q) = 8*b(q) + 3*o(q). Let s be v(-8). Let a = 4 - s. What is the units digit of a?
4
Suppose -4*j + 26 = -3*p, -1 = -3*p - 2*j + 3. What is the units digit of 6 - 3 - (p + 1)?
4
Let d be 1*5*(-9)/(-15). Suppose 0*s = -d*s + 9. Suppose 2*k - k = -2*p + 4, s*k - 3*p = 21. What is the units digit of k?
6
Suppose -5*y - 20 = 0, 2*m + 2*y - 273 - 173 = 0. What is the units digit of m?
7
Let o(l) = l**3 + 7*l**2 + 6*l + 4. What is the units digit of o(-6)?
4
Let s(g) be the second derivative of g**6/360 - g**5/120 + g**4/8 - g**3/3 + g. Let b(y) be the second derivative of s(y). What is the units digit of b(0)?
3
Let n = -106 + 210. What is the units digit of n?
4
Let n be 1 + (-1 - (-24 - 0)). Suppose n = s - 0*s. What is the units digit of s?
4
Let v be 1/(-2)*(-8)/2. What is the tens digit of (-1)/v + 27/2?
1
Suppose -2*z + 12 = 2*z. Let q = -1 + z. Let n = 3 + q. What is the units digit of n?
5
Let i(n) be the third derivative of -n**6/120 - 7*n**5/60 - n**4/4 + n**3/3 - n**2. What is the units digit of i(-6)?
2
Let i(a) = -4*a + 61. What is the tens digit of i(-21)?
4
Let x be 3/(-2 - 1) - -1. Let d be (x + 2)/(2/3). Suppose w + 10 = k, d = 3*k + 4*w + 8. What is the units digit of k?
5
Suppose 30 - 5 = 5*g - 5*j, 0 = -3*g - 4*j - 6. Suppose 0 = -g*u - 1 - 3, 5*r = 2*u + 74. What is the tens digit of r?
1
Suppose -h - 5 = 0, 30 - 5 = w - 5*h. Suppose -4*t + 0*t - 20 = w. Let c = 1 - t. What is the units digit of c?
6
What is the units digit of 4 + -5 - (-66)/2?
2
Let k(d) = -d**3 - 2*d**2 + 2*d + 1. Let m be k(-2). Let z be (-1)/3*(m - -18). Let b = -3 - z. What is the units digit of b?
2
Let h(x) = x**2 + 2*x - 2. Let k be h(-3). What is the units digit of 5/(k + (-4)/6)?
5
Let l(w) = w**3 + 2*w**2 - 5*w - 4. Let o be l(-3). Suppose o*m + 11 = 3*m. What is the tens digit of m?
1
Let i(d) = -d**3 + 9*d**2 - 7*d - 5. Let z be i(8). Suppose -z*f + 22 = -f. Let o = 19 - f. What is the units digit of o?
8
Let g(m) = -m**3 + 5*m**2 - 3*m. Let q be g(4). Suppose 0 = 2*j - 20 - q. What is the tens digit of j?
1
Suppose -2*z - 2 = -20. What is the units digit of z?
9
Let i = 38 + -22. Suppose 2*f = 6*f + i, -3*k + 74 = -2*f. What is the tens digit of k?
2
Let a(h) = h**3 + 8*h**2 + 5*h - 7. Let j be a(-6). Suppose -5*f = -3 - 12. Suppose -2*y = f*y - j. What is the units digit of y?
7
Let n(d) = d**3 - 6*d**2 - 5*d + 2. Suppose -3*g - 35 = -8*g. Let r be n(g). Suppose r = -0*x + x. What is the tens digit of x?
1
Suppose -15*k = -9*k - 240. What is the tens digit of k?
4
Let x = -1 - -3. Suppose 0 = -y - x*y + 9. What is the units digit of y?
3
Let j be (-2)/(-9) - (-202)/(-18). Let d = 25 + j. What is the units digit of d?
4
Suppose 4*u - 3*q + 6*q = 80, 0 = -5*q + 20. Let a be (-3)/(-2) + u/2. Let j = a + 4. What is the units digit of j?
4
Suppose -a + 6*a = 20. Suppose 2*p - v - 3 = -2*v, 0 = 4*p + 5*v + 3. Suppose -a*b + 8 = -p*b. What is the units digit of b?
8
Suppose 0 = n - 3*v - 10 - 3, -8 = -4*v. Let g = n + -2. What is the 